Let c be d(-8). What is the units digit of ((-5)/c - 116/(-6)) + -2?
7
Let z = -1032 - -1695. What is the tens digit of z?
6
Suppose 0 = -9*i + 5*i + 8. Suppose -i*j - 2 = -26. What is the tens digit of j?
1
Let o = 1750 - 938. What is the tens digit of o?
1
Let v(r) be the third derivative of r**6/120 - r**5/6 - 5*r**4/12 - 5*r**3/2 - 2*r**2. Let q be v(11). What is the units digit of (6/9)/(q/(-138))?
3
Let q = 1639 + -824. What is the units digit of q?
5
Let w(h) = h**2 + 6*h - 4. Let r be w(-3). Let u = r + 18. Suppose 3*m - 73 = -3*c - m, -u*c + 175 = -4*m. What is the tens digit of c?
3
Let u be (-15)/25 - (-28)/5. Suppose 1 = 3*m - u. Suppose 0*r - m*r = -64. What is the tens digit of r?
3
Let v = -101 - -63. Let s = v - -52. Suppose 4*h + s = 5*h. What is the tens digit of h?
1
Suppose 19*l = 290 + 3586. What is the hundreds digit of l?
2
What is the tens digit of (-4 + 3)*21/(-1)?
2
Suppose 6*c - 4*c + 4*q = 40, -2*c + 3*q = -47. Let l = 76 - 72. Suppose -3*k = -c + l. What is the units digit of k?
6
Let t = -1889 - -3259. What is the units digit of t?
0
Let a(c) = 99*c**2 + 10*c + 3. What is the tens digit of a(-5)?
2
Suppose 3*l = 3*r - 6, -r - 5*l - 12 = -5*r. Let x be (0 - 0)*(r + 1). Suppose x = 4*b - 5*u - 151, -b = 3*u - 16 - 9. What is the tens digit of b?
3
Suppose 0 = -w - 4, w = -c - 13 + 60. What is the units digit of (8/3)/(2/c)?
8
Suppose -12*m + 4126 + 1130 = 0. What is the tens digit of m?
3
Suppose -60 = -7*j + 24. Suppose -j*a + 216 = -11*a. What is the tens digit of a?
1
Let f be ((-16)/(-4) - 3)*4. Suppose 239 + 584 = 4*b - 3*q, f*b - 4*q = 824. What is the hundreds digit of b?
2
Let d(v) = -v + 12. Let a be d(10). Let j(t) = 6 + a*t - 3*t + 4*t. What is the tens digit of j(5)?
2
Let n(u) = u**2 - 4. Let y be n(3). Suppose c + y*w + 80 = 6*c, w + 4 = 0. What is the tens digit of c?
1
Suppose -5*b = 435 + 155. Let g = b - -300. What is the tens digit of g?
8
Suppose -3*k - c = -15, -2*k - 2*c = -15 + 5. Let u(a) = a**3 - 2*a**2 + a + 6. What is the tens digit of u(k)?
8
Let q = 574 + -402. Suppose 70 = 2*x + 2*f, -4*x + 4*f + q = -8. What is the tens digit of x?
4
Suppose 0 = -11*i + 7*i + 8. Suppose i*v - 134 = -3*l, -l + 5*v = l - 83. What is the tens digit of l?
4
Suppose -960 = 7*z - 12*z. Let k = z + -95. Suppose 4*q = 3*x - k, 2 = q - 0. What is the tens digit of x?
3
Let i(d) = 5*d - 4*d + 4 - 5. Let b be i(5). Suppose 0 = -2*m - b, -4*c + 100 = m - 34. What is the tens digit of c?
3
What is the units digit of 10/135 - 416466/(-486)?
7
Suppose 6*n = 35*n - 38831. What is the hundreds digit of n?
3
Let t(m) be the second derivative of -17/6*m**3 - 1/12*m**4 - 15/2*m**2 + 8*m + 0. What is the units digit of t(-16)?
1
Suppose 13*y - 10790 = 8*y. What is the hundreds digit of y?
1
Let v(s) be the second derivative of 16*s**3/3 - 5*s**2 + 31*s. What is the tens digit of v(8)?
4
Suppose -2*y + 74 = -272. Let i = y + -36. What is the tens digit of i?
3
Let o(s) = 6*s + 79. What is the hundreds digit of o(27)?
2
Let s(a) = 146*a**2 - 11*a + 45. What is the tens digit of s(3)?
2
Let f(g) = 2*g + 9. Let o(y) = -5*y - 29. Let s(b) = -8*f(b) - 3*o(b). What is the units digit of s(-12)?
7
Let i(p) = p + 22. Let z be i(-10). Let m be 2/(-3) + 8/z. Suppose -30 = -q + 5*t, m*q - 5*t + 170 = 4*q. What is the tens digit of q?
4
Let m = 27 + -25. Suppose 516 = 5*x + m*q, 0*q + 530 = 5*x - 5*q. What is the hundreds digit of x?
1
Let i(z) be the third derivative of z**7/720 - z**6/144 - z**5/20 - 5*z**2. Let q(b) be the third derivative of i(b). What is the tens digit of q(8)?
5
Suppose 1076*i - 6438 = 1070*i. What is the units digit of i?
3
Suppose 21*m + 412230 = 7*m. What is the hundreds digit of 6/(-14) - m/105?
2
Suppose 10*k + 295 = 75. Let n = 7 - k. What is the tens digit of n?
2
Let d = -3186 - -5055. What is the hundreds digit of d?
8
Let t(r) = -12*r**3 - 8*r**2 - 18*r - 58. What is the thousands digit of t(-5)?
1
Suppose -2*n + 1633 = -1169. What is the tens digit of n?
0
Suppose -10*n + 40001 = 14841. What is the thousands digit of n?
2
Suppose -3*m - 10 = 5*d, -24 = -4*d - 3*m + 7*m. Let k = d + 16. What is the tens digit of k?
1
Let f be (-3876)/(-21) + 0 - 12/(-28). Let b = f + -76. What is the tens digit of b?
0
Let o(v) = -2*v**3 + v**2 + 2*v - 1. Let m be o(-2). Let s = 21 - m. What is the units digit of s?
6
Let k = 87 + -38. What is the tens digit of k?
4
What is the units digit of 17/(3 - 110/40)?
8
Let w(l) = l + 6. Let m be w(-4). Let u be 1*(-45 - (m - -2)). What is the tens digit of 4/14 + (-966)/u?
2
Let w(n) = 352*n**3 - 5. What is the tens digit of w(2)?
1
Suppose 22251 = 13*r - 26941. What is the tens digit of r?
8
Let g(l) be the first derivative of -l**2/2 + 8*l - 5. Let y be g(6). Suppose -3*x - 2*i = 2*x - 12, 4*i + 8 = -y*x. What is the units digit of x?
4
Let l = 50 + 106. Suppose 3*z + 4*w = 6*z + l, 2*w = 3*z + 156. Let m = z + 109. What is the tens digit of m?
5
Suppose 0 = -5*f + 20, 5*b + 65 = 3*f + 693. Let l = b + -22. What is the units digit of l?
6
Let y(c) = 6*c**2 + c. Let h be y(-1). Suppose -160 - 230 = -3*l - 3*o, -h*o = l - 122. Suppose -10*d = -4*d - l. What is the units digit of d?
2
Suppose -38*s + 5*s + 112134 = 0. What is the tens digit of s?
9
Suppose 3*b = -48*n + 45*n + 3129, 5*n = -3*b + 3119. What is the thousands digit of b?
1
Let j(i) be the third derivative of -i**5/60 + 17*i**4/24 + 13*i**3/6 + 87*i**2. Let c = 11 + 3. What is the tens digit of j(c)?
5
Suppose 45 = 10*g - 5*g. Let i = g - 4. Suppose -2*h = -i - 29. What is the tens digit of h?
1
What is the hundreds digit of ((-67960)/(-35) - -18) + 4/14?
9
Suppose -2*d - 36 = -6*d. What is the units digit of 155/9 - 2/d?
7
What is the thousands digit of (2660/(-570))/(4/(-2286))?
2
Let n(j) = 4*j**3 - 8*j**3 - 5*j**2 + 5 + 4*j + 5*j**3. Let k be n(4). Suppose 9 = 3*x, 147 = k*i - 2*x + x. What is the units digit of i?
0
Suppose -o + 140 = 4*c - 4*o, -20 = 5*o. Suppose -c = 3*l - l. Let j = l - -31. What is the units digit of j?
5
Let u(q) = -q**2 + q + 1. Let x = -16 - -15. Let n be u(x). What is the units digit of (-3 - -2) + n + 7?
5
Let l(q) = q**3 - 6*q**2 + 5*q + 2. Let t be l(5). Suppose -a + 2*x + 2*x = 3, -t*x = -2*a + 6. Suppose 7*g - 30 = a*g. What is the tens digit of g?
1
Suppose 57 = 4*b - 5*k, 2*b + 3*k = -1 + 2. Suppose -4*m = b, -517 = -3*x - 0*x - 4*m. What is the hundreds digit of x?
1
Let h(t) = t**2 - 14*t + 4. Let m be h(14). Suppose m*a = -a. Suppose x = -a*b - 3*b + 131, -x - 4 = 0. What is the tens digit of b?
4
Let k(m) = -m**3 + 6*m**2 - 4*m + 4. Suppose -2*s - 30 + 1 = -5*z, -s = -3*z + 17. What is the units digit of k(z)?
9
Let t(g) = 288*g - 437. What is the units digit of t(22)?
9
Suppose -3*o + 30 = 2*w, -2*w = -4*o + 8*o - 34. Suppose 0*r + 2034 = w*r. What is the tens digit of r?
2
Suppose 3*t - 2540 = -4*i, -17*t = -19*t - 3*i + 1695. What is the units digit of t?
0
Let g be (0 + 3)/((-4)/(-8)). Let o(u) = -3 - 12*u**2 + g*u**2 + 7*u**2. What is the units digit of o(-5)?
2
Let s(u) = 2*u - 14. Let m be s(6). What is the units digit of ((-3848)/(-182))/(m/(-7))?
4
Suppose 78909 = 53*i + 34*i. What is the units digit of i?
7
Let h be 6/2*65/15. Let c be (5/4 + -1)*212. Let q = c - h. What is the tens digit of q?
4
Suppose 2*a + 9090 = 5*c, 9*c - 12*c + 5*a = -5435. What is the tens digit of c?
2
Suppose -2*t - 2*t + 160 = 0. Suppose -4*n = -2*i - t, i = -2*n + 3*i + 22. Suppose 152 = n*z - 5*z. What is the tens digit of z?
3
Let n be (-284)/14 - 32/(-112). Let z = 42 + -17. Let s = z + n. What is the units digit of s?
5
Let j(n) = -6*n - 28. Let z be j(-5). Suppose -85 = -2*b - z*d - 29, -4*d - 70 = -3*b. What is the units digit of b?
6
Suppose -o = 3*k + 11, o - 3 = 2*o - k. What is the tens digit of (1 - (-966)/(-30))/(1/o)?
5
Suppose -4944 = -3*p + 3*d, -2*p - 5*d - 6592 = -6*p. What is the thousands digit of p?
1
Let f(x) = x**2 + 6*x + 3. Let i be f(-7). Let c be (-58)/i - (-16)/20. Let h = 75 + c. What is the units digit of h?
0
Suppose -181 + 59 = -r. Let c = r + -76. What is the tens digit of c?
4
Let g be (-14)/(-21) - (-218)/6. Let r = g + -28. What is the units digit of r?
9
Let c be ((-6)/(-9))/(4/(-54)). Let u = c - -33. What is the tens digit of u?
2
Suppose -739*i